8 is divided by 455.
8
What is the remainder when 815 is divided by 24?
23
Calculate the remainder when 7619 is divided by 121.
117
Calculate the remainder when 782 is divided by 222.
116
What is the remainder when 267 is divided by 54?
51
What is the remainder when 103289 is divided by 22?
21
What is the remainder when 740 is divided by 140?
40
What is the remainder when 142 is divided by 8?
6
Calculate the remainder when 1423 is divided by 75.
73
What is the remainder when 274 is divided by 65?
14
Calculate the remainder when 227 is divided by 173.
54
What is the remainder when 47 is divided by 10?
7
What is the remainder when 585 is divided by 64?
9
Calculate the remainder when 599 is divided by 60.
59
What is the remainder when 68 is divided by 20?
8
Calculate the remainder when 212 is divided by 77.
58
What is the remainder when 1041 is divided by 12?
9
Calculate the remainder when 181 is divided by 69.
43
What is the remainder when 122 is divided by 16?
10
What is the remainder when 164 is divided by 60?
44
Calculate the remainder when 52 is divided by 19.
14
What is the remainder when 5973 is divided by 230?
223
What is the remainder when 430 is divided by 96?
46
What is the remainder when 386 is divided by 15?
11
What is the remainder when 1803 is divided by 113?
108
Calculate the remainder when 283 is divided by 57.
55
What is the remainder when 2623 is divided by 12?
7
Calculate the remainder when 411 is divided by 126.
33
What is the remainder when 400 is divided by 131?
7
What is the remainder when 695 is divided by 148?
103
What is the remainder when 392 is divided by 124?
20
What is the remainder when 148 is divided by 66?
16
What is the remainder when 166 is divided by 25?
16
What is the remainder when 693 is divided by 75?
18
Calculate the remainder when 230 is divided by 13.
9
What is the remainder when 277 is divided by 236?
41
Calculate the remainder when 494 is divided by 31.
29
Calculate the remainder when 406 is divided by 99.
10
Calculate the remainder when 136 is divided by 45.
1
What is the remainder when 437 is divided by 197?
43
Calculate the remainder when 310 is divided by 17.
4
Calculate the remainder when 4 is divided by 4.
0
What is the remainder when 55 is divided by 3?
1
Calculate the remainder when 1253 is divided by 35.
28
What is the remainder when 58 is divided by 53?
5
Calculate the remainder when 112 is divided by 17.
10
What is the remainder when 355 is divided by 26?
17
Calculate the remainder when 139 is divided by 28.
27
What is the remainder when 1054 is divided by 66?
64
What is the remainder when 198 is divided by 93?
12
Calculate the remainder when 1687 is divided by 5.
2
What is the remainder when 776 is divided by 77?
6
Calculate the remainder when 110 is divided by 18.
2
Calculate the remainder when 61 is divided by 4.
1
What is the remainder when 515 is divided by 74?
71
Calculate the remainder when 617 is divided by 116.
37
What is the remainder when 1356 is divided by 43?
23
Calculate the remainder when 962 is divided by 23.
19
Calculate the remainder when 152 is divided by 41.
29
What is the remainder when 199 is divided by 17?
12
What is the remainder when 65 is divided by 10?
5
What is the remainder when 884 is divided by 221?
0
Calculate the remainder when 9616 is divided by 26.
22
Calculate the remainder when 1050 is divided by 206.
20
Calculate the remainder when 42 is divided by 12.
6
What is the remainder when 234 is divided by 79?
76
What is the remainder when 139 is divided by 21?
13
What is the remainder when 157 is divided by 51?
4
What is the remainder when 1349 is divided by 41?
37
Calculate the remainder when 22814 is divided by 32.
30
Calculate the remainder when 172 is divided by 76.
20
What is the remainder when 364 is divided by 46?
42
What is the remainder when 169 is divided by 41?
5
Calculate the remainder when 89 is divided by 26.
11
Calculate the remainder when 332 is divided by 9.
8
Calculate the remainder when 436 is divided by 46.
22
Calculate the remainder when 583 is divided by 117.
115
What is the remainder when 1823 is divided by 21?
17
Calculate the remainder when 147 is divided by 35.
7
What is the remainder when 23678 is divided by 148?
146
Calculate the remainder when 222 is divided by 57.
51
Calculate the remainder when 1768 is divided by 250.
18
What is the remainder when 117 is divided by 61?
56
Calculate the remainder when 252 is divided by 76.
24
What is the remainder when 3495 is divided by 76?
75
Calculate the remainder when 397 is divided by 40.
37
Calculate the remainder when 122 is divided by 26.
18
Calculate the remainder when 131 is divided by 45.
41
Calculate the remainder when 5164 is divided by 207.
196
Calculate the remainder when 28 is divided by 17.
11
Calculate the remainder when 282 is divided by 22.
18
What is the remainder when 220 is divided by 56?
52
What is the remainder when 173 is divided by 37?
25
Calculate the remainder when 26 is divided by 2.
0
What is the remainder when 2520 is divided by 58?
26
Calculate the remainder when 265 is divided by 147.
118
What is the remainder when 1288 is divided by 33?
1
Calculate the remainder when 28052 is divided by 83.
81
Calculate the remainder when 1032 is divided by 15.
12
Calculate the remainder when 641 is divided by 46.
43
Calculate the remainder when 2838 is divided by 142.
140
Calculate the remainder when 3362 is divided by 67.
12
What is the remainder when 866 is divided by 180?
146
What is the remainder when 423 is divided by 18?
9
What is the remainder when 222 is divided by 9?
6
Calculate the remainder when 42 is divided by 35.
7
What is the remainder when 1678 is divided by 48?
46
Calculate the remainder when 633 is divided by 58.
53
Calculate the remainder when 633 is divided by 554.
79
Calculate the remainder when 2078 is divided by 77.
76
What is the remainder when 2042 is divided by 258?
236
Calculate the remainder when 7557 is divided by 27.
24
What is the remainder when 2286 is divided by 11?
9
What is the remainder when 1612 is divided by 21?
16
What is the remainder when 46 is divided by 17?
12
What is the remainder when 193 is divided by 28?
25
What is the remainder when 112 is divided by 19?
17
Calculate the remainder when 569 is divided by 22.
19
What is the remainder when 5623 is divided by 76?
75
Calculate the remainder when 139 is divided by 128.
11
What is the remainder when 1223 is divided by 88?
79
Calculate the remainder when 80 is divided by 12.
8
Calculate the remainder when 7511 is divided by 24.
23
What is the remainder when 4686 is divided by 109?
108
Calculate the remainder when 1682 is divided by 51.
50
What is the remainder when 64 is divided by 3?
1
Calculate the remainder when 2880 is divided by 11.
9
What is the remainder when 335 is divided by 69?
59
Calculate the remainder when 157 is divided by 8.
5
Calculate the remainder when 2201 is divided by 27.
14
What is the remainder when 3996 is divided by 988?
44
What is the remainder when 536 is divided by 325?
211
What is the remainder when 1076 is divided by 22?
20
Calculate the remainder when 51 is divided by 31.
20
Calculate the remainder when 2708 is divided by 37.
7
What is the remainder when 449 is divided by 38?
31
Calculate the remainder when 763 is divided by 5.
3
Calculate the remainder when 1456 is divided by 485.
1
What is the remainder when 200 is divided by 164?
36
What is the remainder when 722 is divided by 339?
44
What is the remainder when 111 is divided by 23?
19
Calculate the remainder when 5999 is divided by 47.
30
What is the remainder when 6509 is divided by 36?
29
What is the remainder when 116 is divided by 30?
26
Calculate the remainder when 1093 is divided by 273.
1
Calculate the remainder when 1035 is divided by 258.
3
Calculate the remainder when 299 is divided by 25.
24
Calculate the remainder when 5164 is divided by 17.
13
Calculate the remainder when 767 is divided by 134.
97
Calculate the remainder when 888 is divided by 183.
156
What is the remainder when 316 is divided by 16?
12
What is the remainder when 670 is divided by 83?
6
What is the remainder when 1178 is divided by 20?
18
What is the remainder when 131 is divided by 17?
12
What is the remainder when 514